{"id":2285,"date":"2025-05-26T14:20:04","date_gmt":"2025-05-26T14:20:04","guid":{"rendered":"https:\/\/puresolid.fi\/?page_id=2285"},"modified":"2025-05-27T05:50:28","modified_gmt":"2025-05-27T05:50:28","slug":"pilar-classic-2","status":"publish","type":"page","link":"https:\/\/puresolid.fi\/index.php\/pilar-classic-2\/","title":{"rendered":"Pilar Classic"},"content":{"rendered":"\n<div class=\"wp-block-cover alignfull has-custom-content-position is-position-bottom-center has-aspect-ratio\" style=\"padding-top:var(--wp--preset--spacing--40);padding-bottom:var(--wp--preset--spacing--40);min-height:100vh;aspect-ratio:1;min-height:unset;\"><img loading=\"lazy\" decoding=\"async\" width=\"1024\" height=\"799\" class=\"wp-block-cover__image-background wp-image-2286 size-large\" alt=\"Classic Pilar, kylpyhuoneen kaappi\" src=\"https:\/\/puresolid.fi\/wp-content\/uploads\/2025\/05\/fiilis-Lava_Rock-pilar-classic-1024x799.jpg\" data-object-fit=\"cover\" srcset=\"https:\/\/puresolid.fi\/wp-content\/uploads\/2025\/05\/fiilis-Lava_Rock-pilar-classic-1024x799.jpg 1024w, https:\/\/puresolid.fi\/wp-content\/uploads\/2025\/05\/fiilis-Lava_Rock-pilar-classic-300x234.jpg 300w, https:\/\/puresolid.fi\/wp-content\/uploads\/2025\/05\/fiilis-Lava_Rock-pilar-classic-768x599.jpg 768w, https:\/\/puresolid.fi\/wp-content\/uploads\/2025\/05\/fiilis-Lava_Rock-pilar-classic-1536x1198.jpg 1536w, https:\/\/puresolid.fi\/wp-content\/uploads\/2025\/05\/fiilis-Lava_Rock-pilar-classic-2048x1598.jpg 2048w\" sizes=\"auto, (max-width: 1024px) 100vw, 1024px\" \/><span aria-hidden=\"true\" class=\"wp-block-cover__background has-background-dim-100 has-background-dim wp-block-cover__gradient-background has-background-gradient\" style=\"background:linear-gradient(180deg,rgb(255,255,255) 0%,rgba(255,255,255,0) 16%)\"><\/span><div class=\"wp-block-cover__inner-container has-global-padding is-layout-constrained wp-block-cover-is-layout-constrained\">\n<div class=\"wp-block-buttons is-content-justification-center is-layout-flex wp-container-core-buttons-is-layout-a89b3969 wp-block-buttons-is-layout-flex\">\n<div class=\"wp-block-button\"><a class=\"wp-block-button__link wp-element-button\" href=\"https:\/\/puresolid.fi\/index.php\/pilar-classic\/\">Rakenna oma kaappisi<\/a><\/div>\n<\/div>\n<\/div><\/div>\n\n\n\n<p class=\"has-text-align-center has-contrast-2-color has-text-color has-link-color has-small-font-size wp-elements-5d3268f0459bd798fa4ef712fb83cb11\"><a href=\"https:\/\/puresolid.fi\/#mallisto\" data-type=\"page\" data-id=\"2\">Mallisto<\/a> \/ <strong>Pilar<\/strong><\/p>\n\n\n\n<h1 class=\"wp-block-heading has-text-align-center\">Pilar Classic<\/h1>\n\n\n\n<h2 class=\"wp-block-heading has-text-align-center tuote-alaotsikko\">Korkea kylpyhuoneen kaappi<\/h2>\n\n\n\n<p class=\"has-text-align-center\">Vedenkest\u00e4v\u00e4 ja Suomessa valmistettu kylpyhuonekaluste.<br>Saatavana eri syvyys- ja pituusvaihtoehdoilla.<\/p>\n\n\n\n<div id=\"tilaa\" class=\"wp-block-group has-global-padding is-layout-constrained wp-block-group-is-layout-constrained\">\n<div class=\"wp-block-columns is-layout-flex wp-container-core-columns-is-layout-28f84493 wp-block-columns-is-layout-flex\">\n<div class=\"wp-block-column is-layout-flow wp-block-column-is-layout-flow\" style=\"padding-left:0\">\n<div class=\"wp-block-group is-vertical is-content-justification-center is-layout-flex wp-container-core-group-is-layout-ce155fab wp-block-group-is-layout-flex\">\n<figure class=\"wp-block-image size-full is-resized\"><a href=\"https:\/\/puresolid.fi\/index.php\/pilar-builder\/\"><img loading=\"lazy\" decoding=\"async\" width=\"375\" height=\"960\" src=\"https:\/\/puresolid.fi\/wp-content\/uploads\/2024\/09\/designer-anim-pilar.gif\" alt=\"Puresolid Pilar kylpyhuoneen kaappi. T\u00e4ysin vedenkest\u00e4v\u00e4.\" class=\"wp-image-938\" style=\"object-fit:cover;width:144px;height:auto\"\/><\/a><\/figure>\n<\/div>\n<\/div>\n\n\n\n<div class=\"wp-block-column is-vertically-aligned-center is-layout-flow wp-block-column-is-layout-flow\">\n<h2 class=\"wp-block-heading has-text-align-center has-accent-3-color has-text-color has-link-color has-large-font-size wp-elements-3fb6895a1eb8e4e1153d9bf0174a59e6\">Muokkaa ja tilaa itsellesi sopiva<\/h2>\n\n\n\n<div style=\"height:26px\" aria-hidden=\"true\" class=\"wp-block-spacer\"><\/div>\n\n\n\n<div class=\"wp-block-buttons is-content-justification-center is-layout-flex wp-container-core-buttons-is-layout-a89b3969 wp-block-buttons-is-layout-flex\">\n<div class=\"wp-block-button\"><a class=\"wp-block-button__link wp-element-button\" href=\"https:\/\/puresolid.fi\/index.php\/pilar-classic\/\">Suunnittele ja tilaa<\/a><\/div>\n<\/div>\n<\/div>\n<\/div>\n\n\n\n<hr class=\"wp-block-separator has-alpha-channel-opacity is-style-wide\"\/>\n<\/div>\n\n\n\n<h2 class=\"wp-block-heading\" id=\"tuotekuvaus\">Tuotekuvaus<\/h2>\n\n\n\n<p>Kaluste on Corian\u00ae-komposiittikive\u00e4. Komerossa on kolme liikuteltavaa hylly\u00e4. Corian tarjoaa l\u00e4hes t\u00e4ydellisen materiaalin kylpyhuoneisiin. Sen pinta on helposti puhdistettavissa vaikeimmistakin tahroista. My\u00f6s iskun- ja naarmunkest\u00e4vyys on poikkeuksellinen muihin materiaaleihin verrattuna. Corian mahdollistaa my\u00f6s saumattoman rakenteen.<\/p>\n\n\n\n<p>Kaluste toimitetaan aina kasattuna ja vanerilaatikkoon pakattuna. Pakkaus sis\u00e4lt\u00e4\u00e4 my\u00f6s asennushelat.<\/p>\n\n\n\n<p>500-600 mm. leveiss\u00e4 kaapeissa on pariovet.<\/p>\n\n\n\n<p>Pilar kaapit valmistataan aina vakiomittaisina.<\/p>\n\n\n\n<hr class=\"wp-block-separator has-alpha-channel-opacity is-style-wide\"\/>\n\n\n\n<h3 class=\"wp-block-heading has-accent-3-color has-text-color has-link-color wp-elements-cfefc3722b2bdf2c0244ba7a258b8a63\">Materiaalit<\/h3>\n\n\n\n<p><\/p>\n\n\n\n<figure class=\"wp-block-table is-style-stripes\"><table><tbody><tr><td><strong>Runko<\/strong><\/td><td>Kosteuden kest\u00e4v\u00e4 Corian-komposiitti<\/td><\/tr><tr><td><strong>Ovi ja hyllyt<\/strong><\/td><td>Kosteuden kest\u00e4v\u00e4 Corian-komposiitti<\/td><\/tr><\/tbody><\/table><\/figure>\n\n\n\n<div class=\"wp-block-buttons is-layout-flex wp-block-buttons-is-layout-flex\">\n<div class=\"wp-block-button\"><a class=\"wp-block-button__link wp-element-button\" href=\"https:\/\/puresolid.fi\/index.php\/corian-varivaihtoehdot\/\">Tutustu Corian\u00ae -komposiittiin<\/a><\/div>\n<\/div>\n\n\n\n<hr class=\"wp-block-separator has-alpha-channel-opacity is-style-wide\"\/>\n\n\n\n<h3 class=\"wp-block-heading has-accent-3-color has-text-color has-link-color wp-elements-7c7af2e09f11f77400e709993cd0afdc\">Asennus<\/h3>\n\n\n\n<p>S\u00e4\u00e4dett\u00e4v\u00e4t kiinnityshelat sein\u00e4kiskolla<\/p>\n\n\n\n<div class=\"wp-block-buttons is-layout-flex wp-block-buttons-is-layout-flex\">\n<div class=\"wp-block-button\"><a class=\"wp-block-button__link wp-element-button\" href=\"https:\/\/puresolid.fi\/wp-content\/uploads\/2025\/05\/PureSolid-peilikaapin_komeron-asennusohje.pdf\">Asennusohje (PDF)<\/a><\/div>\n<\/div>\n\n\n\n<hr class=\"wp-block-separator has-alpha-channel-opacity is-style-wide\"\/>\n\n\n\n<h3 class=\"wp-block-heading has-accent-3-color has-text-color has-link-color wp-elements-0ec288d53854a0aa7ec71904419b8178\">Laatikon mekanismi<\/h3>\n\n\n\n<p>Hettich pehme\u00e4sti sulkeutuva<\/p>\n\n\n\n<hr class=\"wp-block-separator has-alpha-channel-opacity is-style-wide\"\/>\n\n\n\n<h2 class=\"wp-block-heading\">Lis\u00e4tiedot<\/h2>\n\n\n\n<figure class=\"wp-block-table is-style-stripes\"><table><tbody><tr><td>Leveydet (mm)<\/td><td>200-600<\/td><\/tr><tr><td>Syvyydet (mm)<\/td><td>180<\/td><\/tr><tr><td>Korkeus (mm)<\/td><td>1600<\/td><\/tr><tr><td>Nettopainot<\/td><td>22-32 kg<\/td><\/tr><\/tbody><\/table><\/figure>\n\n\n\n<hr class=\"wp-block-separator has-alpha-channel-opacity is-style-wide\"\/>\n\n\n\n<div class=\"wp-block-buttons is-layout-flex wp-block-buttons-is-layout-flex\">\n<div class=\"wp-block-button\"><a class=\"wp-block-button__link wp-element-button\" href=\"https:\/\/puresolid.fi\/index.php\/puresolid-jalleenmyyjat\/\">J\u00e4lleenmyyj\u00e4t<\/a><\/div>\n<\/div>\n\n\n\n<div style=\"height:55px\" aria-hidden=\"true\" class=\"wp-block-spacer\"><\/div>\n","protected":false},"excerpt":{"rendered":"<p>Mallisto \/ Pilar Pilar Classic Korkea kylpyhuoneen kaappi Vedenkest\u00e4v\u00e4 ja Suomessa valmistettu kylpyhuonekaluste.Saatavana eri syvyys- ja pituusvaihtoehdoilla. Muokkaa ja tilaa itsellesi sopiva Tuotekuvaus Kaluste on Corian\u00ae-komposiittikive\u00e4. Komerossa on kolme liikuteltavaa hylly\u00e4. Corian tarjoaa l\u00e4hes t\u00e4ydellisen materiaalin kylpyhuoneisiin. Sen pinta on helposti puhdistettavissa vaikeimmistakin tahroista. My\u00f6s iskun- ja naarmunkest\u00e4vyys on poikkeuksellinen muihin materiaaleihin verrattuna. Corian mahdollistaa [&hellip;]<\/p>\n","protected":false},"author":1,"featured_media":0,"parent":0,"menu_order":0,"comment_status":"closed","ping_status":"closed","template":"","meta":{"footnotes":""},"class_list":["post-2285","page","type-page","status-publish","hentry"],"_links":{"self":[{"href":"https:\/\/puresolid.fi\/index.php\/wp-json\/wp\/v2\/pages\/2285","targetHints":{"allow":["GET"]}}],"collection":[{"href":"https:\/\/puresolid.fi\/index.php\/wp-json\/wp\/v2\/pages"}],"about":[{"href":"https:\/\/puresolid.fi\/index.php\/wp-json\/wp\/v2\/types\/page"}],"author":[{"embeddable":true,"href":"https:\/\/puresolid.fi\/index.php\/wp-json\/wp\/v2\/users\/1"}],"replies":[{"embeddable":true,"href":"https:\/\/puresolid.fi\/index.php\/wp-json\/wp\/v2\/comments?post=2285"}],"version-history":[{"count":2,"href":"https:\/\/puresolid.fi\/index.php\/wp-json\/wp\/v2\/pages\/2285\/revisions"}],"predecessor-version":[{"id":2320,"href":"https:\/\/puresolid.fi\/index.php\/wp-json\/wp\/v2\/pages\/2285\/revisions\/2320"}],"wp:attachment":[{"href":"https:\/\/puresolid.fi\/index.php\/wp-json\/wp\/v2\/media?parent=2285"}],"curies":[{"name":"wp","href":"https:\/\/api.w.org\/{rel}","templated":true}]}}